3*j - 4. Let u be v(i). What is the greatest common divisor of 40 and u?
8
Let a = -28 + 46. Suppose l - a = -2*m + 71, 2*l = 10. Let j = m - -2. What is the greatest common divisor of j and 4?
4
Let m(n) = 6*n - 10. Let w be m(7). Suppose 2*a = 4*u + 956, 4*a + 4*u + 367 = 2255. Suppose 154 - a = -4*s. Calculate the highest common divisor of s and w.
16
Suppose -1 = s + 3. Let f(w) be the second derivative of w**4/12 + w**3/3 + 3*w**2/2 + 2*w. Let z be f(s). Calculate the highest common divisor of 33 and z.
11
Let a(n) = n**3 - 7*n**2 + 3*n - 7. Let i be a(7). Suppose 5*l + 3 = 13. Calculate the highest common factor of i and l.
2
Suppose -p + 3 = -7. Let s = -7 - -17. What is the highest common divisor of p and s?
10
Let u be (-2)/(-2)*4 + -192. Let r = u - -287. What is the greatest common divisor of r and 9?
9
Suppose -38 = -5*i + b + 479, -5*i + 529 = 3*b. Suppose 0 = -6*d + 5*d + 4*g + 5, -4*d = -4*g - 44. What is the greatest common divisor of i and d?
13
Let c be (2 - 1) + -6*1. Let f be 20/3*(-12)/c. Calculate the greatest common factor of f and 8.
8
Let q(r) = 9*r - 1. Let j be q(4). Let p = 134 - j. Suppose -4*v = -6*v + 18. What is the greatest common factor of v and p?
9
Let y = -100 + 205. Calculate the highest common factor of y and 21.
21
Let w(h) = 0 - h**3 - 4*h**2 - h**2 + h + h + 4. Let j be w(-6). Suppose 2*m + 2*m - j = 0. What is the greatest common factor of 56 and m?
7
Let y be 1 - (2 + -34) - 3. What is the greatest common factor of 6 and y?
6
Suppose -11 = -2*r - 3. Let v be (r/5)/((-1)/(-170)). Suppose 0*c - v = -2*c. What is the greatest common divisor of c and 17?
17
Suppose 0 = -2*u - 1 - 5. Let n be (-5 - 1)*u/3. Suppose -2*o + m = -n, -o - 4*o + 29 = m. Calculate the greatest common factor of 5 and o.
5
Let w(o) = -o**2 - o + 15. Let n be w(0). What is the highest common divisor of n and 45?
15
Let g be (44 - 2)/(-3)*18. Let p = 354 + g. Let j = -72 + p. What is the greatest common divisor of 15 and j?
15
Let p(s) = s - 14. Let n be p(10). Let a be (-1)/n + 117/12. What is the greatest common factor of 80 and a?
10
Suppose 4 = 2*h - 3*t, -3*t + 16 = 4*h - 5*t. Suppose 3*j + 330 = h*j. Suppose 0 = -5*i + j - 55. Calculate the greatest common factor of i and 11.
11
Let b = 0 - -13. What is the highest common factor of b and 65?
13
Let w be (154/6 - -1)*6. Calculate the greatest common divisor of 20 and w.
20
Suppose -16*w - 228 = -20*w. What is the greatest common factor of 38 and w?
19
Let t = 518 - 287. Calculate the greatest common divisor of 33 and t.
33
Let p be ((-132)/(-16))/((-1)/(-20)). What is the greatest common factor of p and 15?
15
Let f be (40/15)/8*42. Calculate the greatest common divisor of f and 4.
2
Suppose -2*v = -4, -5*a = -2*a + 3*v - 21. What is the greatest common divisor of a and 1?
1
Let s be (32/(-20))/(8/(-500)). What is the highest common divisor of 25 and s?
25
Let m = -26 - -78. Suppose -2*q + m = 2*q. Calculate the highest common factor of 39 and q.
13
Let h be ((-38)/3)/(2/(-3)). What is the highest common divisor of 133 and h?
19
Suppose -4*i + 58 = -34. Calculate the highest common factor of i and 23.
23
Let c(l) = -6*l - 16. Let b be -1 - (4/(-2) + 17). Let f be c(b). What is the highest common factor of f and 10?
10
Let r(s) = -s + 8. Let t be r(3). Let d(h) = -h**2 + 3*h - 3. Let y be d(2). Let u(l) = 4*l**2 + 1. Let b be u(y). What is the highest common factor of b and t?
5
Let v(n) = 7*n**2 + n - 3. Let f be v(3). Let x = 67 + -44. Suppose 0 = 3*s + u - 17, 5*s - x = u + 16. Calculate the greatest common factor of s and f.
7
Suppose -u - 2*u = -2*x - 76, -u + 5*x + 21 = 0. Calculate the highest common factor of 182 and u.
26
Let d(k) be the second derivative of -k**5/20 - k**4/12 + k**3/6 + 4*k**2 - 2*k. Let i be d(0). What is the highest common divisor of i and 2?
2
Let o = 26 - 1. What is the highest common factor of o and 200?
25
Let c = -16 + 106. What is the greatest common divisor of c and 30?
30
Let j = -81 + 132. What is the highest common factor of j and 34?
17
Let f be 52/(-4)*(-2)/2. What is the greatest common factor of f and 104?
13
Suppose 4*m - 101 - 223 = -4*h, -3*m + h + 255 = 0. Calculate the highest common divisor of 28 and m.
28
Suppose -f = 5*f - 396. Calculate the highest common divisor of f and 11.
11
Suppose -2*y + y = -4*w + 147, -105 = -3*w - y. Let h be 3/((-3)/(-95)) - -1. Suppose -k + h = 3*k. Calculate the highest common divisor of w and k.
12
Let r be (20 - -16)*15/2. Calculate the highest common factor of 30 and r.
30
Let b(y) = -y**3 - y**2 - 2. Let z be b(-2). Let d = 5 - z. What is the highest common divisor of d and 3?
3
Let r be 8 + (-16)/(-4 + 8). What is the highest common factor of 44 and r?
4
Suppose 5*t + 2*d = -0*t + 737, 0 = -5*t + 3*d + 732. Calculate the highest common divisor of t and 21.
21
Let z(k) = 2*k**3 - k**2 - 2*k - 3. Let q be z(3). Suppose -2*y + 72 = 6*y. What is the greatest common factor of q and y?
9
Suppose 12 = 2*z - 3*u, 0*z - 16 = -2*z + 4*u. Suppose z = -5*f + 25 + 15. Suppose 3*t = f + 7. Calculate the greatest common divisor of 25 and t.
5
Let r = 1 - -2. Suppose 0*v - r*v = -198. Calculate the greatest common factor of 6 and v.
6
Let y = -11 - -19. Calculate the greatest common factor of 8 and y.
8
Let z be 0 - 11*(-2)/2. Let k be 2666/22 - (-19)/((-209)/2). Calculate the greatest common divisor of z and k.
11
Let i = 479 + -279. Calculate the highest common divisor of 25 and i.
25
Let f be ((-10)/(-3))/((-2)/(-42)). Suppose -o - o + f = 0. Suppose -3*v - 48 = -3*d, -4*v - 13 + 5 = 0. Calculate the highest common divisor of o and d.
7
Let q = 53 - 43. What is the greatest common divisor of q and 10?
10
Suppose -h = -4*h + 12. Let v(j) = -j**3 - 6*j**2 + 2. Let d be v(-6). Calculate the greatest common factor of h and d.
2
Suppose 52 = 3*w + y - 130, -5*w + 300 = 5*y. Let t = -1 + w. Suppose m = -2*m + t. Calculate the highest common factor of m and 5.
5
Let n be 24/6*100/2. Let s = n - 115. Let x = 48 + -31. Calculate the highest common factor of s and x.
17
Suppose -83 = -4*b + 489. Suppose 42 = 4*f - 6*f. Let m = f + 34. Calculate the highest common divisor of b and m.
13
Let y be ((-2)/2)/(2/(-4)). Suppose -3*r = y*r - 105. Let k(v) = 2*v + 1. Let m be k(1). What is the greatest common divisor of r and m?
3
Suppose -1 = -5*h + 4. Let z be 7 + -6 - (h - 55). Calculate the highest common divisor of z and 22.
11
Suppose -4*t - 2*l = 2*l - 72, -2*t + 3*l + 36 = 0. Calculate the highest common divisor of t and 36.
18
Let t be -1*32*(-2)/(-4). Let f = t + 37. Suppose 0 = -0*g + 2*g + d - f, 5*g - 5*d = 75. What is the highest common factor of 18 and g?
6
Let x(y) = -2*y - 9. Let p be x(-8). Let u(a) = 17*a + 3. Let c be u(7). Let d = c + -59. What is the greatest common divisor of d and p?
7
Suppose 7 = 5*g + 2. What is the greatest common divisor of 3 and g?
1
Let h = 2 + 4. Let s(u) = -u**3 + 8*u**2 - 7*u - 2. Let b be s(h). What is the greatest common factor of b and 70?
14
Suppose 3*b + 0*b - 24 = 0. Suppose 2*j - 20 = -4. What is the highest common divisor of b and j?
8
Suppose -4*j - 15 = 3*v - 108, 6 = 2*j. Suppose v = 4*u - 21. What is the highest common divisor of u and 4?
4
Let h be ((-6)/5)/(-2*(-3)/(-15)). Calculate the greatest common factor of 6 and h.
3
Let p be 1/(2/(-692)*-2). Let k = p + -92. What is the highest common factor of k and 9?
9
Let i(g) = -1 + 2*g**2 + 3*g**2 + 2 + 1. Let c be i(2). Calculate the highest common factor of c and 22.
22
Let c = 152 - 100. Calculate the greatest common divisor of c and 130.
26
Let n = -46 - -82. What is the greatest common divisor of n and 48?
12
Let a = -2 - -9. Let y(c) = c. Let f be y(a). What is the highest common divisor of f and 21?
7
Let z be 0 + ((-12)/3)/(-4). Let t be z*3 - (18 + -26). What is the greatest common divisor of 33 and t?
11
Let d = -1 + -5. Let r be -3 - (d - (2 - 0)). Suppose r*h - 150 = -0*h. Calculate the greatest common factor of 12 and h.
6
Let o = 0 + 10. Let t be -3*((-8)/3)/2. Let v be 10/t*2 - 3. Calculate the highest common divisor of o and v.
2
Suppose -2*d - 4 = -2*r - 3*d, 0 = 4*r - d - 20. Calculate the greatest common factor of 24 and r.
4
Suppose 10 - 19 = 3*r. Let d be 56/6 + 1/r. Calculate the greatest c